{"id":2,"date":"2016-05-10T03:48:21","date_gmt":"2016-05-10T03:48:21","guid":{"rendered":"http:\/\/studioventricelli.it\/wp17\/?page_id=2"},"modified":"2026-04-05T16:12:57","modified_gmt":"2026-04-05T16:12:57","slug":"attivita","status":"publish","type":"page","link":"https:\/\/studioventricelli.it\/wp17\/attivita\/","title":{"rendered":"Attivit\u00e0"},"content":{"rendered":"<p>[et_pb_section fb_built=&#8221;1&#8243; fullwidth=&#8221;on&#8221; _builder_version=&#8221;4.16&#8243; background_image=&#8221;https:\/\/studioventricelli.it\/wp17\/wp-content\/uploads\/2017\/07\/Schermata-2017-08-12-alle-19.26.46.png&#8221; parallax=&#8221;on&#8221; parallax_method=&#8221;off&#8221; custom_padding=&#8221;0px|0px|2px|0px&#8221; global_colors_info=&#8221;{}&#8221;][et_pb_fullwidth_header title=&#8221;Attivit\u00e0&#8221; content_max_width=&#8221;none&#8221; _builder_version=&#8221;4.16&#8243; background_color=&#8221;rgba(255, 255, 255, 0)&#8221; global_colors_info=&#8221;{}&#8221; button_one_text_size__hover_enabled=&#8221;off&#8221; button_two_text_size__hover_enabled=&#8221;off&#8221; button_one_text_color__hover_enabled=&#8221;off&#8221; button_two_text_color__hover_enabled=&#8221;off&#8221; button_one_border_width__hover_enabled=&#8221;off&#8221; button_two_border_width__hover_enabled=&#8221;off&#8221; button_one_border_color__hover_enabled=&#8221;off&#8221; button_two_border_color__hover_enabled=&#8221;off&#8221; button_one_border_radius__hover_enabled=&#8221;off&#8221; button_two_border_radius__hover_enabled=&#8221;off&#8221; button_one_letter_spacing__hover_enabled=&#8221;off&#8221; button_two_letter_spacing__hover_enabled=&#8221;off&#8221; button_one_bg_color__hover_enabled=&#8221;off&#8221; button_two_bg_color__hover_enabled=&#8221;off&#8221;][\/et_pb_fullwidth_header][\/et_pb_section][et_pb_section fb_built=&#8221;1&#8243; _builder_version=&#8221;4.16&#8243; background_color=&#8221;#006016&#8243; parallax=&#8221;on&#8221; custom_padding=&#8221;37px|0px|54px|0px&#8221; global_colors_info=&#8221;{}&#8221;][et_pb_row column_structure=&#8221;1_3,1_3,1_3&#8243; _builder_version=&#8221;4.16&#8243; background_size=&#8221;initial&#8221; background_position=&#8221;top_left&#8221; background_repeat=&#8221;repeat&#8221; global_colors_info=&#8221;{}&#8221;][et_pb_column type=&#8221;1_3&#8243; _builder_version=&#8221;4.16&#8243; custom_padding=&#8221;|||&#8221; global_colors_info=&#8221;{}&#8221; custom_padding__hover=&#8221;|||&#8221;][et_pb_blurb title=&#8221;Conservativa&#8221; image=&#8221;https:\/\/studioventricelli.it\/wp17\/wp-content\/uploads\/2017\/09\/shutterstock_209692405-e1506331834610.jpg&#8221; image_icon_width=&#8221;none&#8221; admin_label=&#8221;Conservativa&#8221; _builder_version=&#8221;4.16&#8243; text_orientation=&#8221;justified&#8221; background_layout=&#8221;dark&#8221; image_max_width=&#8221;none&#8221; use_circle=&#8221;on&#8221; circle_color=&#8221;#0d2035&#8243; global_colors_info=&#8221;{}&#8221;]<\/p>\n<p style=\"text-align: left;\">Diagnosi precoce e cura delle carie mediante otturazioni eseguite con materiali estetici adesivi di ultima generazione. Nei nostri studi siamo molto attenti ad essere sempre aggiornati su tecniche, materiali e attrezzature innovative, che adottiamo per\u00f2 solo dopo che ne sia stata confermata l&#8217;efficacia.<\/p>\n<p>[\/et_pb_blurb][\/et_pb_column][et_pb_column type=&#8221;1_3&#8243; _builder_version=&#8221;4.16&#8243; custom_padding=&#8221;|||&#8221; global_colors_info=&#8221;{}&#8221; custom_padding__hover=&#8221;|||&#8221;][et_pb_blurb title=&#8221;Protesi&#8221; image=&#8221;https:\/\/studioventricelli.it\/wp17\/wp-content\/uploads\/2017\/09\/shutterstock_610380737.jpg&#8221; image_icon_width=&#8221;none&#8221; admin_label=&#8221;Protesi&#8221; _builder_version=&#8221;4.16&#8243; text_orientation=&#8221;justified&#8221; background_layout=&#8221;dark&#8221; image_max_width=&#8221;none&#8221; use_circle=&#8221;on&#8221; circle_color=&#8221;#0d2035&#8243; global_colors_info=&#8221;{}&#8221;]<\/p>\n<p style=\"text-align: left;\">Eseguiamo riabilitazioni protesiche semplici e complesse mediante l&#8217;utilizzo degli impianti, corone, ponti tradizionali con i materiali pi\u00f9 performanti ed estetici come la zirconia, la ceramica integrale, il composito o la metallo-ceramica. Ma anche protesi miste (una parte fissa ed una mobile), protesi rimovibili parziali (scheletrati) e protesi rimovibili totali (dentiere).<\/p>\n<p>[\/et_pb_blurb][\/et_pb_column][et_pb_column type=&#8221;1_3&#8243; _builder_version=&#8221;4.16&#8243; custom_padding=&#8221;|||&#8221; global_colors_info=&#8221;{}&#8221; custom_padding__hover=&#8221;|||&#8221;][et_pb_blurb title=&#8221;Chirurgia orale&#8221; image=&#8221;https:\/\/studioventricelli.it\/wp17\/wp-content\/uploads\/2017\/09\/shutterstock_184345361.jpg&#8221; image_icon_width=&#8221;none&#8221; admin_label=&#8221;Chirurgia orale&#8221; _builder_version=&#8221;4.16&#8243; text_orientation=&#8221;justified&#8221; background_layout=&#8221;dark&#8221; image_max_width=&#8221;none&#8221; use_circle=&#8221;on&#8221; circle_color=&#8221;#0d2035&#8243; global_colors_info=&#8221;{}&#8221;]<\/p>\n<p style=\"text-align: left;\">Oltre alla chirurgia orale di routine (estrazioni semplici e complesse, estrazioni di denti inclusi) ci avvaliamo della collaborazione di specialisti esterni particolarmente esperti in settori della chirurgia orale al fine di poter eseguire con la massima competenza ed esperienza la quasi totalit\u00e0 delle operazioni di chirurgia orale che si possono svolgere ambulatorialmente (rialzi del seno mascellare, asportazioni di cisti, innesti ossei, chirurgia rigenerativa, implantologia, disinclusione di denti ritenuti).<\/p>\n<p>[\/et_pb_blurb][\/et_pb_column][\/et_pb_row][\/et_pb_section][et_pb_section fb_built=&#8221;1&#8243; _builder_version=&#8221;4.16&#8243; background_color=&#8221;#006016&#8243; locked=&#8221;off&#8221; global_colors_info=&#8221;{}&#8221;][et_pb_row column_structure=&#8221;1_3,1_3,1_3&#8243; _builder_version=&#8221;4.16&#8243; global_colors_info=&#8221;{}&#8221;][et_pb_column type=&#8221;1_3&#8243; _builder_version=&#8221;4.16&#8243; custom_padding=&#8221;|||&#8221; global_colors_info=&#8221;{}&#8221; custom_padding__hover=&#8221;|||&#8221;][et_pb_blurb title=&#8221;Implantologia&#8221; image=&#8221;https:\/\/studioventricelli.it\/wp17\/wp-content\/uploads\/2017\/09\/shutterstock_490705669.jpg&#8221; image_icon_width=&#8221;none&#8221; admin_label=&#8221;Implantologia&#8221; _builder_version=&#8221;4.16&#8243; text_orientation=&#8221;justified&#8221; background_layout=&#8221;dark&#8221; image_max_width=&#8221;none&#8221; use_circle=&#8221;on&#8221; circle_color=&#8221;#0d2035&#8243; global_colors_info=&#8221;{}&#8221;]<\/p>\n<p style=\"text-align: left;\">Utilizziamo impianti delle primarie case costruttrici mondiali al fine di sostituire denti mancanti in modo fisso. In questo modo si evita l&#8217;uso dei ponti tradizionali. Inoltre impieghiamo impianti e mini-impianti per la stabilizzazione di dentiere eccessivamente mobili e per creare protesi rimovibili altamente estetiche e stabili durante la masticazione e la fonazione. Utilizziamo impianti corti specifici per situazioni dove c&#8217;\u00e8 scarsit\u00e0 di osso al fine di evitare, se possibile, interventi chirurgici per aumentarne la disponibilit\u00e0.<\/p>\n<p>[\/et_pb_blurb][\/et_pb_column][et_pb_column type=&#8221;1_3&#8243; _builder_version=&#8221;4.16&#8243; custom_padding=&#8221;|||&#8221; global_colors_info=&#8221;{}&#8221; custom_padding__hover=&#8221;|||&#8221;][et_pb_blurb title=&#8221;Parodontologia&#8221; image=&#8221;https:\/\/studioventricelli.it\/wp17\/wp-content\/uploads\/2017\/09\/shutterstock_298074203.jpg&#8221; image_icon_width=&#8221;none&#8221; admin_label=&#8221;Parodontologia&#8221; _builder_version=&#8221;4.17.4&#8243; text_orientation=&#8221;justified&#8221; background_layout=&#8221;dark&#8221; hover_enabled=&#8221;0&#8243; image_max_width=&#8221;none&#8221; use_circle=&#8221;on&#8221; circle_color=&#8221;#0d2035&#8243; global_colors_info=&#8221;{}&#8221; sticky_enabled=&#8221;0&#8243;]<\/p>\n<p style=\"text-align: left;\">Inquadriamo il paziente parodontale partendo da una corretta diagnosi e lo seguiamo nel percorso fornendogli le conoscenze e le capacit\u00e0 per combattere la parodontite, la patologia che colpisce i tessuti di sostegno del dente. Eseguiamo le principali terapie chirurgiche e non chirurgiche per la cura delle parodontopatie, a seconda dei casi si possono effettuare detartrasi, levigature radicolari, interventi a lembo per chirurgia ossea resettiva o rigenerativa.<\/p>\n<p>[\/et_pb_blurb][\/et_pb_column][et_pb_column type=&#8221;1_3&#8243; _builder_version=&#8221;4.16&#8243; custom_padding=&#8221;|||&#8221; global_colors_info=&#8221;{}&#8221; custom_padding__hover=&#8221;|||&#8221;][et_pb_blurb title=&#8221;Estetica&#8221; image=&#8221;https:\/\/studioventricelli.it\/wp17\/wp-content\/uploads\/2017\/09\/shutterstock_261887492-1.jpg&#8221; image_icon_width=&#8221;none&#8221; admin_label=&#8221;Estetica&#8221; _builder_version=&#8221;4.16&#8243; text_orientation=&#8221;justified&#8221; background_layout=&#8221;dark&#8221; image_max_width=&#8221;none&#8221; use_circle=&#8221;on&#8221; circle_color=&#8221;#0d2035&#8243; global_colors_info=&#8221;{}&#8221;]<\/p>\n<p style=\"text-align: left;\">Eseguiamo sbiancamenti dei denti sia professionali (in studio) che domiciliari e correggiamo inestetismi dei denti frontali con otturazioni, faccette e corone in ceramica integrale.<\/p>\n<p>[\/et_pb_blurb][\/et_pb_column][\/et_pb_row][\/et_pb_section][et_pb_section fb_built=&#8221;1&#8243; _builder_version=&#8221;4.16&#8243; custom_padding=&#8221;67px|0px|54px|0px&#8221; global_colors_info=&#8221;{}&#8221;][et_pb_row column_structure=&#8221;1_3,1_3,1_3&#8243; _builder_version=&#8221;4.16&#8243; background_size=&#8221;initial&#8221; background_position=&#8221;top_left&#8221; background_repeat=&#8221;repeat&#8221; global_colors_info=&#8221;{}&#8221;][et_pb_column type=&#8221;1_3&#8243; _builder_version=&#8221;4.16&#8243; custom_padding=&#8221;|||&#8221; global_colors_info=&#8221;{}&#8221; custom_padding__hover=&#8221;|||&#8221;][et_pb_blurb title=&#8221;Igiene e prevenzione&#8221; image=&#8221;https:\/\/studioventricelli.it\/wp17\/wp-content\/uploads\/2017\/09\/shutterstock_404633314.jpg&#8221; image_icon_width=&#8221;none&#8221; admin_label=&#8221;Igene e prevenzione&#8221; _builder_version=&#8221;4.16&#8243; text_orientation=&#8221;justified&#8221; image_max_width=&#8221;none&#8221; use_circle=&#8221;on&#8221; circle_color=&#8221;#0d2035&#8243; global_colors_info=&#8221;{}&#8221;]<\/p>\n<p style=\"text-align: left;\">Visite accurate comprendenti anamnesi patologica remota e prossima, esame obiettivo dei denti, del parodonto, delle mucose e dell&#8217;apparato stomatognatico.<br \/>\nInformazione e istruzione all&#8217;igiene orale, individuazione dei fattori di rischio per la carie mediante test della conta batterica e della saliva; approfondite sedute di igiene orale.<\/p>\n<p>[\/et_pb_blurb][\/et_pb_column][et_pb_column type=&#8221;1_3&#8243; _builder_version=&#8221;4.16&#8243; custom_padding=&#8221;|||&#8221; global_colors_info=&#8221;{}&#8221; custom_padding__hover=&#8221;|||&#8221;][et_pb_blurb title=&#8221;Pedodonzia&#8221; image=&#8221;https:\/\/studioventricelli.it\/wp17\/wp-content\/uploads\/2017\/09\/shutterstock_520962286-1.jpg&#8221; image_icon_width=&#8221;none&#8221; admin_label=&#8221;Pedodonzia&#8221; _builder_version=&#8221;4.16&#8243; text_orientation=&#8221;justified&#8221; image_max_width=&#8221;none&#8221; use_circle=&#8221;on&#8221; circle_color=&#8221;#0d2035&#8243; global_colors_info=&#8221;{}&#8221;]<\/p>\n<p style=\"text-align: left;\">Prevenzione della carie nei bambini a partire dai 6 anni mediante istruzione all&#8217;igiene, pulizia dei denti, sigillatura dei solchi, fluoroprofilassi topica, consigli di igiene alimentare.<br \/>\nCura delle carie dei denti da latte. Intercettazione precoce delle malocclusioni e delle abitudini viziate.<\/p>\n<p>[\/et_pb_blurb][\/et_pb_column][et_pb_column type=&#8221;1_3&#8243; _builder_version=&#8221;4.16&#8243; custom_padding=&#8221;|||&#8221; global_colors_info=&#8221;{}&#8221; custom_padding__hover=&#8221;|||&#8221;][et_pb_blurb title=&#8221;Ortodonzia&#8221; image=&#8221;https:\/\/studioventricelli.it\/wp17\/wp-content\/uploads\/2017\/09\/shutterstock_193248827-1.jpg&#8221; image_icon_width=&#8221;none&#8221; admin_label=&#8221;Ortodonzia&#8221; _builder_version=&#8221;4.16&#8243; text_orientation=&#8221;justified&#8221; border_style=&#8221;solid&#8221; image_max_width=&#8221;none&#8221; use_circle=&#8221;on&#8221; use_circle_border=&#8221;off&#8221; circle_color=&#8221;#0d2035&#8243; global_colors_info=&#8221;{}&#8221;]<\/p>\n<p style=\"text-align: left;\">Cura delle malocclusioni e dei disallineamenti dentari dei bambini e degli adulti mediante apparecchi mobili, fissi, misti e\u00a0con i moderni apparecchi invisibili previa diagnosi con studio del caso ortodontico.<\/p>\n<p>[\/et_pb_blurb][\/et_pb_column][\/et_pb_row][\/et_pb_section][et_pb_section fb_built=&#8221;1&#8243; fullwidth=&#8221;on&#8221; _builder_version=&#8221;4.16&#8243; background_image=&#8221;https:\/\/studioventricelli.it\/wp17\/wp-content\/uploads\/2017\/07\/Schermata-2017-08-12-alle-19.26.46.png&#8221; parallax=&#8221;on&#8221; parallax_method=&#8221;off&#8221; custom_padding=&#8221;0px|0px|119px|0px&#8221; global_colors_info=&#8221;{}&#8221;][et_pb_fullwidth_header content_max_width=&#8221;none&#8221; _builder_version=&#8221;4.16&#8243; background_color=&#8221;rgba(255, 255, 255, 0)&#8221; background_layout=&#8221;light&#8221; global_colors_info=&#8221;{}&#8221; button_one_text_size__hover_enabled=&#8221;off&#8221; button_two_text_size__hover_enabled=&#8221;off&#8221; button_one_text_color__hover_enabled=&#8221;off&#8221; button_two_text_color__hover_enabled=&#8221;off&#8221; button_one_border_width__hover_enabled=&#8221;off&#8221; button_two_border_width__hover_enabled=&#8221;off&#8221; button_one_border_color__hover_enabled=&#8221;off&#8221; button_two_border_color__hover_enabled=&#8221;off&#8221; button_one_border_radius__hover_enabled=&#8221;off&#8221; button_two_border_radius__hover_enabled=&#8221;off&#8221; button_one_letter_spacing__hover_enabled=&#8221;off&#8221; button_two_letter_spacing__hover_enabled=&#8221;off&#8221; button_one_bg_color__hover_enabled=&#8221;off&#8221; button_two_bg_color__hover_enabled=&#8221;off&#8221;][\/et_pb_fullwidth_header][\/et_pb_section][et_pb_section fb_built=&#8221;1&#8243; fullwidth=&#8221;on&#8221; _builder_version=&#8221;4.16&#8243; background_image=&#8221;https:\/\/studioventricelli.it\/wp17\/wp-content\/uploads\/2017\/07\/Schermata-2017-08-12-alle-19.26.46.png&#8221; parallax=&#8221;on&#8221; parallax_method=&#8221;off&#8221; custom_padding=&#8221;0px|0px|119px|0px&#8221; global_colors_info=&#8221;{}&#8221;][et_pb_fullwidth_header content_max_width=&#8221;none&#8221; _builder_version=&#8221;4.16&#8243; background_color=&#8221;rgba(255, 255, 255, 0)&#8221; background_layout=&#8221;light&#8221; global_colors_info=&#8221;{}&#8221; button_one_text_size__hover_enabled=&#8221;off&#8221; button_two_text_size__hover_enabled=&#8221;off&#8221; button_one_text_color__hover_enabled=&#8221;off&#8221; button_two_text_color__hover_enabled=&#8221;off&#8221; button_one_border_width__hover_enabled=&#8221;off&#8221; button_two_border_width__hover_enabled=&#8221;off&#8221; button_one_border_color__hover_enabled=&#8221;off&#8221; button_two_border_color__hover_enabled=&#8221;off&#8221; button_one_border_radius__hover_enabled=&#8221;off&#8221; button_two_border_radius__hover_enabled=&#8221;off&#8221; button_one_letter_spacing__hover_enabled=&#8221;off&#8221; button_two_letter_spacing__hover_enabled=&#8221;off&#8221; button_one_bg_color__hover_enabled=&#8221;off&#8221; button_two_bg_color__hover_enabled=&#8221;off&#8221;][\/et_pb_fullwidth_header][\/et_pb_section]<\/p>\n","protected":false},"excerpt":{"rendered":"<p>Diagnosi precoce e cura delle carie mediante otturazioni eseguite con materiali estetici adesivi di ultima generazione. Nei nostri studi siamo molto attenti ad essere sempre aggiornati su tecniche, materiali e attrezzature innovative, che adottiamo per\u00f2 solo dopo che ne sia stata confermata l&#8217;efficacia. Eseguiamo riabilitazioni protesiche semplici e complesse mediante l&#8217;utilizzo degli impianti, corone, ponti [&hellip;]<\/p>\n","protected":false},"author":1,"featured_media":0,"parent":0,"menu_order":0,"comment_status":"closed","ping_status":"open","template":"","meta":{"_et_pb_use_builder":"on","_et_pb_old_content":"<p>This is an example page. It's different from a blog post because it will stay in one place and will show up in your site navigation (in most themes). Most people start with an About page that introduces them to potential site visitors. It might say something like this:<\/p><blockquote><p>Hi there! I'm a bike messenger by day, aspiring actor by night, and this is my website. I live in Los Angeles, have a great dog named Jack, and I like pi\u00f1a coladas. (And gettin' caught in the rain.)<\/p><\/blockquote><p>...or something like this:<\/p><blockquote><p>The XYZ Doohickey Company was founded in 1971, and has been providing quality doohickeys to the public ever since. Located in Gotham City, XYZ employs over 2,000 people and does all kinds of awesome things for the Gotham community.<\/p><\/blockquote><p>As a new WordPress user, you should go to <a href=\"https:\/\/studioventricelli.it\/wp17\/wp-admin\/\">your dashboard<\/a> to delete this page and create new pages for your content. Have fun!<\/p>","_et_gb_content_width":""},"_links":{"self":[{"href":"https:\/\/studioventricelli.it\/wp17\/wp-json\/wp\/v2\/pages\/2"}],"collection":[{"href":"https:\/\/studioventricelli.it\/wp17\/wp-json\/wp\/v2\/pages"}],"about":[{"href":"https:\/\/studioventricelli.it\/wp17\/wp-json\/wp\/v2\/types\/page"}],"author":[{"embeddable":true,"href":"https:\/\/studioventricelli.it\/wp17\/wp-json\/wp\/v2\/users\/1"}],"replies":[{"embeddable":true,"href":"https:\/\/studioventricelli.it\/wp17\/wp-json\/wp\/v2\/comments?post=2"}],"version-history":[{"count":14,"href":"https:\/\/studioventricelli.it\/wp17\/wp-json\/wp\/v2\/pages\/2\/revisions"}],"predecessor-version":[{"id":632,"href":"https:\/\/studioventricelli.it\/wp17\/wp-json\/wp\/v2\/pages\/2\/revisions\/632"}],"wp:attachment":[{"href":"https:\/\/studioventricelli.it\/wp17\/wp-json\/wp\/v2\/media?parent=2"}],"curies":[{"name":"wp","href":"https:\/\/api.w.org\/{rel}","templated":true}]}}